68 a multiple of 4?
True
Is 9 a factor of 26135589?
False
Is 1770503 a multiple of 82?
False
Does 9 divide 224376934?
False
Is 28 a factor of 92909796?
True
Is 291 a factor of 6186078?
True
Does 151 divide 227304075?
True
Does 10445 divide 1029609222?
False
Is 155 a factor of 30147500?
True
Is 7 a factor of 24193043?
True
Is 76 a factor of 23592452?
True
Is 1928353644 a multiple of 3771?
True
Is 1154771127 a multiple of 667?
False
Is 5923 a factor of 149549827?
True
Is 301727968 a multiple of 544?
True
Does 25 divide 289886750?
True
Is 19 a factor of 1403102557?
True
Does 3648 divide 1444352640?
True
Is 326302313 a multiple of 18?
False
Is 2153 a factor of 529128460?
False
Is 15 a factor of 71440005?
True
Is 39700336 a multiple of 806?
True
Is 448 a factor of 152942272?
True
Does 7 divide 770173172?
False
Does 8 divide 2870549775?
False
Is 317703368 a multiple of 2165?
False
Is 756 a factor of 113090040?
True
Is 433 a factor of 98105243?
True
Does 14 divide 84469126?
True
Is 218 a factor of 21730377?
False
Is 9 a factor of 1710054372?
False
Is 68 a factor of 27962552?
True
Is 16 a factor of 20568752?
True
Is 7 a factor of 60753908?
False
Is 379435 a multiple of 31?
False
Is 324799012 a multiple of 236?
True
Does 493 divide 1318189409?
False
Does 139 divide 43871319?
True
Does 23 divide 615751492?
True
Does 964 divide 461614909?
False
Is 466 a factor of 103665808?
False
Does 343 divide 1915184061?
True
Is 1031 a factor of 158734822?
True
Is 2 a factor of 40710616?
True
Does 169 divide 86805994?
False
Is 265 a factor of 68985711?
False
Is 28180356 a multiple of 6?
True
Is 20526511 a multiple of 94?
False
Does 473 divide 76607553?
True
Does 66 divide 123399886?
False
Is 470834623 a multiple of 16?
False
Is 47124021 a multiple of 49?
False
Does 10 divide 73725405?
False
Does 1011 divide 46555539?
True
Is 16 a factor of 411079832?
False
Does 49 divide 465245523?
False
Is 194289104 a multiple of 2249?
False
Is 71 a factor of 76397917?
True
Does 191 divide 115590335?
True
Is 3529981 a multiple of 7?
True
Does 2 divide 1673130?
True
Does 111 divide 2491012?
False
Does 361 divide 372619966?
False
Does 2397 divide 228497603?
False
Is 284 a factor of 9708540?
True
Does 3106 divide 99791443?
False
Does 700 divide 9020200?
True
Does 3556 divide 3104440968?
False
Is 121322310 a multiple of 30?
True
Does 9 divide 1029850119?
True
Is 2134804 a multiple of 14?
True
Does 9 divide 16687811?
False
Does 4 divide 38546796?
True
Does 164 divide 103835288?
True
Does 5304 divide 492338496?
True
Is 34278843 a multiple of 1713?
True
Is 486247 a multiple of 9?
False
Is 284401201 a multiple of 267?
False
Does 111 divide 195395853?
True
Is 9183048 a multiple of 3805?
False
Does 6 divide 3180819?
False
Is 2993 a factor of 244901718?
False
Is 54976212 a multiple of 108?
True
Is 359856844 a multiple of 499?
True
Does 332 divide 305317492?
True
Does 300 divide 93854484?
False
Is 448 a factor of 110629411?
False
Does 1009 divide 312772847?
True
Is 293 a factor of 73449109?
False
Does 77 divide 3192325842?
False
Is 1379139 a multiple of 7?
False
Does 185 divide 49861035?
False
Is 5 a factor of 3936053?
False
Does 25 divide 4763474764?
False
Does 1752 divide 182745864?
True
Does 28 divide 40952604?
True
Is 89766586 a multiple of 182?
True
Does 6 divide 6453762?
True
Does 3177 divide 3717925904?
False
Is 1490 a factor of 428624350?
False
Is 7721749 a multiple of 15?
False
Does 61 divide 31256545?
False
Is 152 a factor of 322747072?
True
Is 295937201 a multiple of 628?
False
Is 661 a factor of 536784736?
False
Is 1288 a factor of 7613510?
False
Is 217 a factor of 30971976?
True
Is 43241792 a multiple of 2?
True
Is 298 a factor of 171848256?
True
Does 21 divide 10170564?
False
Is 1363 a factor of 179423074?
False
Is 2070 a factor of 359906271?
False
Does 96 divide 146127168?
True
Is 178 a factor of 112867308?
True
Does 5837 divide 232721190?
True
Is 72 a factor of 10901562?
False
Is 774497772 a multiple of 9?
True
Is 5 a factor of 28146515?
True
Is 59958526 a multiple of 82?
False
Does 14 divide 151360468?
True
Is 1789 a factor of 485039047?
True
Does 180 divide 617475439?
False
Does 29 divide 316761063?
False
Is 290 a factor of 53471368?
False
Is 235411705 a multiple of 62?
False
Is 388706584 a multiple of 66?
False
Is 838496387 a multiple of 1053?
False
Does 14 divide 251986314?
False
Is 89060879 a multiple of 67?
False
Is 182 a factor of 68284623?
False
Is 11 a factor of 43274557?
False
Is 38316464 a multiple of 3592?
False
Is 25 a factor of 98624441?
False
Is 33644844 a multiple of 17?
False
Is 449 a factor of 74595357?
False
Is 398 a factor of 400728671?
False
Is 6 a factor of 19809726?
True
Is 162269500 a multiple of 620?
True
Does 2818 divide 674789852?
False
Does 25 divide 9843192?
False
Is 32 a factor of 301970872?
False
Is 8863162 a multiple of 67?
True
Does 957 divide 289498242?
True
Is 36 a factor of 3579297300?
True
Is 211 a factor of 320480093?
True
Is 53 a factor of 333741265?
True
Does 24 divide 613174618?
False
Is 27729784 a multiple of 36?
False
Is 288939340 a multiple of 3634?
True
Is 9 a factor of 22357466?
False
Is 1670786013 a multiple of 31?
True
Is 16 a factor of 4223600?
True
Does 71 divide 1164265029?
True
Is 395956896 a multiple of 111?
False
Is 59 a factor of 26421970?
True
Does 122 divide 2875394?
False
Is 612 a factor of 51010200?
True
Does 228 divide 94471961?
False
Is 19839190 a multiple of 203?
True
Does 5 divide 806885095?
True
Does 6440 divide 392387060?
False
Does 39 divide 612796299?
False
Does 13 divide 97462107?
False
Is 25220502 a multiple of 3300?
False
Does 3322 divide 131664148?
True
Is 140267424 a multiple of 79?
False
Is 260230425 a multiple of 975?
True
Does 3506 divide 2053654729?
False
Is 107045211 a multiple of 13?
True
Does 1668 divide 121627730?
False
Does 553 divide 68962804?
False
Is 2057158922 a multiple of 14?
True
Is 267743418 a multiple of 4?
False
Is 12 a factor of 68143536?
True
Is 217 a factor of 1725801?
True
Is 5536 a factor of 872142710?
False
Is 580470205 a multiple of 12?
False
Is 258252785 a multiple of 2710?
False
Is 73 a factor of 2593171262?
True
Is 31 a factor of 110423426?
True
Is 913 a factor of 1003751087?
False
Is 172168705 a multiple of 23?
False
Does 153 divide 692937?
True
Is 1710651832 a multiple of 12?
False
Does 70 divide 142662275?
False
Does 7 divide 2091792?
False
Is 26809110 a multiple of 135?
True
Is 114 a factor of 37160746?
False
Does 2589 divide 1135504833?
False
Is 2672 a factor of 82693056?
True
Is 81 a factor of 497843401?
False
Is 169924620 a multiple of 20?
True
Is 169975705 a multiple of 3532?
False
Does 5510 divide 495822860?
True
Does 1827 divide 93516876?
False
Does 62 divide 14988128?
True
Is 510802212 a multiple of 231?
False
Does 1334 divide 924199825?
False
Is 127 a factor of 16948718?
False
Is 1239 a factor of 698814333?
False
Is 39894390 a multiple of 139?
True
Is 19273772 a multiple of 652?
True
Is 18 a factor of 1255597732?
False
Is 1278 a factor of 192292417?
False
Is 42032035 a multiple of 545?
True
Is 548492100 a multiple of 3900?
True
Is 13 a factor of 1124829641?
True
Does 24 divide 12974184?
True
Is 45 a factor of 3014505?
True
Is 130 a factor of 354237127?
False
Does 488 divide 2099150840?
False
Is 156 a factor of 1097448456?
True
Is 44 a factor of 72075750?
False
Is 23 a factor of 618015894?
False
Is 775581027 a multiple of 13?
True
Does 158 divide 613813761?
False
Is 41678787 a multiple of 600?
False
Does 4 divide 2689896?
True
Is 1976962791 a multiple of 39?
False
Is 2988 a factor of 406003810?
False
Is 19448730 a multiple of 9?
True
Is 1357165213 a multiple of 2201?
True
Is 14 a factor of 1241287?
False
Is 172610436 a multiple of 87?
True
Does 34 divide 909902254?
True
Is 117775384 a multiple of 55?
False
Is 313 a factor of 123711468?
False
Is 67 a factor of 1281853447?
True
Is 138 a factor of 138695244?
True
Does 226 divide 203401925?
False
Does 66 divide 7130086?
False
Does 765 divide 177021879?
False
Is 414 a factor of 1187381356?
False
Is 791154 a multiple of 273?
True
Is 71 a factor of 1005731188?
True
Does 3575 divide 44252386?
False
Does 92 divide 14991492?
True
Is 11 a factor of 334470279?
True
Is 6880 a factor of 484912906?
False
Is 10488092 a multiple of